er when 192147 is divided by 4140.
1707
Calculate the remainder when 47202498 is divided by 5741.
5737
Calculate the remainder when 112586 is divided by 1735.
1546
What is the remainder when 30734 is divided by 2047?
29
Calculate the remainder when 47081 is divided by 23501.
79
Calculate the remainder when 12100354 is divided by 2642.
2636
What is the remainder when 382624 is divided by 99?
88
What is the remainder when 73330287 is divided by 1349?
1345
Calculate the remainder when 11620 is divided by 970.
950
Calculate the remainder when 363719 is divided by 9806.
897
What is the remainder when 639473 is divided by 213073?
254
Calculate the remainder when 4080115 is divided by 141.
139
What is the remainder when 4913200 is divided by 46792?
40
Calculate the remainder when 82014631 is divided by 11.
6
What is the remainder when 151563 is divided by 75238?
1087
What is the remainder when 4921498 is divided by 2570?
2518
Calculate the remainder when 7492030 is divided by 281.
8
Calculate the remainder when 934446 is divided by 77844.
318
What is the remainder when 177742 is divided by 1794?
136
Calculate the remainder when 7647195 is divided by 265.
90
What is the remainder when 4613873 is divided by 562?
415
What is the remainder when 14461 is divided by 6711?
1039
What is the remainder when 258751 is divided by 16?
15
What is the remainder when 894780 is divided by 223676?
76
What is the remainder when 3425752 is divided by 1080?
1072
Calculate the remainder when 819719 is divided by 3375.
2969
What is the remainder when 11684546 is divided by 13?
3
Calculate the remainder when 4211719 is divided by 1367.
1359
What is the remainder when 31248 is divided by 6122?
638
What is the remainder when 201983 is divided by 99757?
2469
Calculate the remainder when 48534 is divided by 1006.
246
Calculate the remainder when 35541334 is divided by 2530.
2424
Calculate the remainder when 1114996 is divided by 541.
536
Calculate the remainder when 1918092 is divided by 3413.
3399
What is the remainder when 292118 is divided by 251?
205
Calculate the remainder when 471390 is divided by 99.
51
What is the remainder when 192985321 is divided by 31?
29
Calculate the remainder when 2120731 is divided by 37.
2
Calculate the remainder when 364298 is divided by 2824.
2
What is the remainder when 933227 is divided by 12272?
555
Calculate the remainder when 5172744 is divided by 2654.
98
What is the remainder when 15166405 is divided by 38?
35
Calculate the remainder when 2217405 is divided by 3514.
71
Calculate the remainder when 1078243635 is divided by 282.
279
Calculate the remainder when 86681874 is divided by 1021.
1016
What is the remainder when 2551386 is divided by 3495?
36
Calculate the remainder when 15675030 is divided by 3387.
3381
What is the remainder when 147169 is divided by 145913?
1256
What is the remainder when 35541824 is divided by 2268?
2264
Calculate the remainder when 5599359 is divided by 2080.
2079
What is the remainder when 258366 is divided by 85?
51
What is the remainder when 1018886 is divided by 27534?
128
Calculate the remainder when 30679225 is divided by 2587.
2579
What is the remainder when 58475143 is divided by 42404?
27
Calculate the remainder when 63730023 is divided by 1388.
3
What is the remainder when 13167 is divided by 5905?
1357
What is the remainder when 680432 is divided by 680416?
16
What is the remainder when 107731 is divided by 107705?
26
Calculate the remainder when 1903156 is divided by 5766.
376
What is the remainder when 146881486 is divided by 1203?
1201
What is the remainder when 842719 is divided by 4321?
124
What is the remainder when 27046 is divided by 13435?
176
What is the remainder when 11754 is divided by 2276?
374
What is the remainder when 44951327 is divided by 1226?
37
Calculate the remainder when 335938 is divided by 579.
118
Calculate the remainder when 58006789 is divided by 98.
1
Calculate the remainder when 3329494 is divided by 34.
10
Calculate the remainder when 76944 is divided by 914.
168
Calculate the remainder when 5134463 is divided by 5134458.
5
What is the remainder when 40754 is divided by 40702?
52
What is the remainder when 72936 is divided by 63123?
9813
Calculate the remainder when 50487186 is divided by 439.
430
Calculate the remainder when 2548446 is divided by 2548269.
177
Calculate the remainder when 1159582 is divided by 193259.
28
Calculate the remainder when 47847 is divided by 15921.
84
What is the remainder when 26178647 is divided by 25?
22
What is the remainder when 3317341 is divided by 25518?
1
What is the remainder when 1262934 is divided by 1689?
1251
Calculate the remainder when 8756086 is divided by 23665.
36
Calculate the remainder when 12450435 is divided by 3869.
3862
What is the remainder when 662401 is divided by 331193?
15
What is the remainder when 374141994 is divided by 19?
17
What is the remainder when 78960671 is divided by 36?
35
Calculate the remainder when 22332 is divided by 3400.
1932
Calculate the remainder when 19398101 is divided by 7507.
13
What is the remainder when 202252 is divided by 5641?
4817
What is the remainder when 2011594 is divided by 1754?
1510
What is the remainder when 1034500 is divided by 172374?
256
What is the remainder when 16264966 is divided by 8132452?
62
Calculate the remainder when 29692742 is divided by 646.
644
What is the remainder when 283771 is divided by 35441?
243
What is the remainder when 84076519 is divided by 9113?
9094
Calculate the remainder when 76464 is divided by 1029.
318
What is the remainder when 1685326 is divided by 17197?
20
Calculate the remainder when 39554 is divided by 6575.
104
Calculate the remainder when 628359828 is divided by 190.
188
What is the remainder when 121224 is divided by 24059?
929
What is the remainder when 29467697 is divided by 88?
17
What is the remainder when 14033 is divided by 38?
11
Calculate the remainder when 128683 is divided by 31269.
3607
Calculate the remainder when 2363856 is divided by 590960.
16
What is the remainder when 1969726 is divided by 109423?
112
Calculate the remainder when 1340591 is divided by 446854.
29
Calculate the remainder when 226771055 is divided by 176.
159
What is the remainder when 879418 is divided by 109910?
138
Calculate the remainder when 42584919 is divided by 18.
15
Calculate the remainder when 966687 is divided by 107407.
24
Calculate the remainder when 714700 is divided by 24643.
53
Calculate the remainder when 16134869 is divided by 51.
50
Calculate the remainder when 8192499 is divided by 1250.
1249
What is the remainder when 11628916 is divided by 1823?
1822
Calculate the remainder when 3790735 is divided by 313.
305
Calculate the remainder when 424678 is divided by 1705.
133
Calculate the remainder when 2761596 is divided by 2455.
2176
Calculate the remainder when 170270 is divided by 28377.
8
Calculate the remainder when 817462 is divided by 27.
10
What is the remainder when 342005 is divided by 341922?
83
What is the remainder when 204949 is divided by 138?
19
Calculate the remainder when 89774987 is divided by 2671.
6
What is the remainder when 5957795 is divided by 5436?
5375
What is the remainder when 30596487 is divided by 438?
435
Calculate the remainder when 33314635 is divided by 5558.
5541
What is the remainder when 10718007 is divided by 2679488?
55
Calculate the remainder when 3690083 is divided by 109.
106
What is the remainder when 2685808 is divided by 177?
10
Calculate the remainder when 22040480 is divided by 2003677.
33
Calculate the remainder when 228710493 is divided by 13.
11
Calculate the remainder when 9582811 is divided by 49.
28
What is the remainder when 366637 is divided by 7331?
87
Calculate the remainder when 401710961 is divided by 138.
137
Calculate the remainder when 5484831 is divided by 4127.
48
What is the remainder when 48817998 is divided by 50?
48
What is the remainder when 170525 is divided by 6314?
47
Calculate the remainder when 8415209 is divided by 135728.
73
What is the remainder when 102363 is divided by 2707?
2204
Calculate the remainder when 35929747 is divided by 131.
115
What is the remainder when 239866 is divided by 2577?
205
What is the remainder when 40437878 is divided by